and 10368.
2592
Calculate the greatest common factor of 465 and 2768052.
93
What is the highest common factor of 41143500 and 4305?
615
Calculate the greatest common divisor of 28505480 and 240.
40
Calculate the highest common factor of 43035525 and 150.
75
Calculate the greatest common divisor of 16270558 and 2.
2
What is the greatest common divisor of 6957646 and 2561?
197
Calculate the highest common factor of 4446 and 272600562.
1482
Calculate the greatest common divisor of 1334150 and 55.
5
What is the greatest common divisor of 288962844 and 60?
12
What is the greatest common divisor of 160622 and 12166?
154
Calculate the highest common factor of 30 and 6903970.
10
What is the greatest common factor of 5332565 and 175?
35
What is the greatest common divisor of 15413040 and 11520?
720
What is the greatest common factor of 194389955 and 53?
53
What is the greatest common divisor of 182 and 6378710?
26
Calculate the greatest common factor of 2955 and 488363.
197
Calculate the highest common divisor of 7976 and 7025859.
997
Calculate the highest common factor of 486318 and 31374.
42
What is the greatest common divisor of 33 and 19490493?
33
What is the greatest common factor of 2824590 and 270?
30
Calculate the highest common divisor of 20 and 444095.
5
Calculate the highest common divisor of 3318124 and 24932.
1084
What is the greatest common factor of 12264184 and 16040?
3208
What is the greatest common factor of 12741487 and 209?
11
What is the greatest common factor of 12640 and 13842538?
158
What is the highest common factor of 175106394 and 684?
342
What is the greatest common divisor of 1950 and 124813?
13
Calculate the greatest common factor of 26333103 and 159.
159
Calculate the highest common divisor of 88 and 3015298.
22
What is the highest common divisor of 2373 and 1409955127?
791
What is the greatest common factor of 14168 and 580118?
154
What is the greatest common factor of 20142 and 241148976?
2238
Calculate the greatest common factor of 5896 and 5732386.
1474
Calculate the highest common divisor of 23 and 765988872.
23
What is the greatest common divisor of 1131 and 4222023?
1131
What is the highest common divisor of 118709713 and 89?
89
What is the greatest common divisor of 212 and 180480953?
53
Calculate the highest common factor of 1788765 and 1267805.
2035
What is the highest common divisor of 764 and 48681316?
764
Calculate the greatest common divisor of 27153672 and 78.
78
Calculate the greatest common divisor of 765 and 2965221855.
765
Calculate the greatest common divisor of 21412 and 4084.
4
What is the highest common divisor of 263879 and 22517?
253
What is the greatest common factor of 99593329 and 47?
47
What is the greatest common divisor of 197439 and 3039333?
1023
Calculate the highest common divisor of 6189524 and 657.
73
What is the highest common divisor of 58831007 and 53?
53
What is the highest common divisor of 3000996 and 15?
3
What is the greatest common divisor of 853572 and 24?
12
Calculate the highest common factor of 30 and 338458905.
15
Calculate the highest common factor of 63 and 9772910.
7
What is the greatest common factor of 162 and 323538?
6
Calculate the highest common factor of 993141 and 25929.
603
What is the greatest common divisor of 462 and 95692443?
231
Calculate the highest common divisor of 777768 and 219144.
552
What is the greatest common divisor of 528770 and 16214?
242
Calculate the highest common divisor of 68798937 and 5629.
433
What is the highest common factor of 3526320 and 1740?
60
What is the greatest common divisor of 70851 and 1050900?
339
What is the highest common divisor of 33966 and 10572084?
666
Calculate the highest common divisor of 534544 and 1872.
16
Calculate the highest common divisor of 58829 and 21933963.
661
Calculate the highest common factor of 284868 and 78228.
1476
Calculate the highest common factor of 300 and 2362540.
20
What is the highest common divisor of 11616 and 31884468?
1452
What is the highest common factor of 12136 and 4620372?
164
Calculate the greatest common divisor of 3398652 and 516.
12
Calculate the highest common factor of 117 and 1177020.
117
Calculate the highest common divisor of 153385 and 235.
5
What is the highest common divisor of 206375644 and 152?
76
What is the greatest common divisor of 1964 and 122879133?
491
What is the greatest common divisor of 1114386 and 2921142?
6594
What is the greatest common divisor of 3156895544 and 88?
88
What is the highest common factor of 301 and 1341653019?
301
What is the highest common divisor of 352 and 247511?
11
Calculate the highest common factor of 327981864 and 56.
56
Calculate the greatest common factor of 138 and 281484534.
138
What is the highest common divisor of 23021873 and 5152?
161
What is the highest common factor of 1469138 and 22?
22
What is the highest common divisor of 1230 and 13385?
5
Calculate the greatest common factor of 1687275 and 100350.
225
What is the greatest common factor of 33525 and 1838625?
75
What is the highest common divisor of 1228917 and 78?
3
Calculate the highest common factor of 1659 and 210187005.
1659
Calculate the greatest common divisor of 187217310 and 9810.
3270
Calculate the greatest common factor of 25705043 and 910.
91
Calculate the highest common divisor of 5076 and 1090917.
423
Calculate the greatest common divisor of 87968952 and 72.
72
Calculate the highest common factor of 115 and 633230.
5
Calculate the highest common factor of 1586828 and 8814788.
8308
Calculate the highest common factor of 8382 and 13549932.
66
Calculate the highest common factor of 5021282 and 903.
301
Calculate the greatest common factor of 1778894 and 4732.
338
What is the greatest common factor of 14257 and 1390720?
53
Calculate the highest common divisor of 70 and 91065410.
10
What is the greatest common factor of 172857 and 1140269?
367
What is the greatest common divisor of 145915 and 3032379?
2653
Calculate the highest common divisor of 5550 and 2294025.
75
Calculate the highest common divisor of 420575 and 65.
5
Calculate the highest common factor of 156 and 8124804.
12
Calculate the highest common factor of 2242762458 and 6.
6
Calculate the greatest common factor of 12 and 434411274.
6
Calculate the highest common factor of 2960 and 137374784.
592
What is the greatest common divisor of 239880 and 4000?
40
What is the greatest common divisor of 14748 and 22036?
4
What is the greatest common divisor of 54808 and 24255192?
1768
What is the highest common divisor of 24537 and 8571?
3
What is the highest common factor of 21717636 and 91698?
2958
Calculate the greatest common divisor of 51120 and 702701910.
6390
What is the greatest common factor of 2232371 and 393?
131
Calculate the highest common factor of 94081 and 29354.
13
Calculate the greatest common factor of 496688150 and 175.
175
Calculate the highest common divisor of 67249199 and 31.
31
What is the greatest common divisor of 1280 and 757600?
160
What is the greatest common divisor of 26286 and 546499083?
13143
Calculate the highest common divisor of 6126690 and 102342.
2766
Calculate the greatest common factor of 2223 and 7436637.
117
What is the greatest common divisor of 506553099 and 26?
13
Calculate the greatest common factor of 352964314 and 257.
257
What is the highest common factor of 540 and 1519695?
135
What is the greatest common factor of 3724404964 and 28?
28
Calculate the highest common divisor of 632 and 4218521.
79
What is the greatest common factor of 134824 and 32224?
152
Calculate the highest common divisor of 46098598 and 21.
7
Calculate the greatest common divisor of 280 and 20946688.
56
Calculate the highest common factor of 23325 and 1365600.
75
What is the highest common divisor of 48528346 and 1718?
1718
Calculate the greatest common divisor of 298537 and 1785.
17
Calculate the greatest common divisor of 4749 and 1658839947.
4749
What is the highest common factor of 36 and 15400404?
36
Calculate the greatest common divisor of 23418 and 209394.
18
What is the highest common divisor of 1462 and 3554462?
34
Calculate the greatest common factor of 400 and 1170800.
400
What is the highest common divisor of 22110 and 9006810?
2010
Calculate the highest common factor of 325